he remainder when 333 is divided by 72/4 - (-10 + 7)?
18
Suppose -140 = 5*g - 9*g. Suppose 3*r = -3*z + g - 11, 0 = -z - 4*r - 1. Calculate the remainder when 142 is divided by z.
10
Let q = -24 + 39. Let g(k) = 11*k - 148. What is the remainder when g(16) is divided by q?
13
Suppose 2*c = 2, -c - 12 = -o + 4*c. Calculate the remainder when 198 is divided by o.
11
What is the remainder when 198 + (2 - 0) - (-2)/(-2) is divided by 50?
49
Let u(k) = -k**3 + 3*k**2 + 5*k + 4. Suppose 4*l = 2*l + 10. Let m be u(l). Let y = 24 + m. What is the remainder when 6 is divided by y?
0
What is the remainder when 116 - (-6)/(-2 + 3/6) is divided by 38?
36
Suppose 144*u - 138*u - 162 = 0. What is the remainder when u is divided by 12?
3
Calculate the remainder when 3952/(-57)*6/(-4) is divided by 52.
0
Let l(b) = -b**3 - 29*b**2 - 53*b + 31. Let d be l(-27). Suppose g = d*g - 5*r - 367, 3*g - 403 = -4*r. What is the remainder when g is divided by 44?
41
Suppose o - 3*o = -r - 8, 5*r = 5*o - 20. Suppose o*d - 30 - 54 = 0. Calculate the remainder when 40 is divided by d.
19
Let k = -125 + 150. What is the remainder when 74 is divided by k?
24
Let c = 8 + -23. Calculate the remainder when 17 is divided by 37/5 - (-6)/c.
3
Let r(m) = 5*m - 10. Let s be r(4). What is the remainder when 22 is divided by (-16)/40 + 84/s?
6
Let p be (-3)/9 - (-284)/(-12). Let b = -7 - p. Suppose -z + b = 8. What is the remainder when 25 is divided by z?
7
Let q be (48/30)/(4/10). Suppose w + 4*w + 103 = 2*f, -3*w + q*f - 59 = 0. Calculate the remainder when 25 is divided by (14/w)/(4/(-54)).
7
Let p(s) = 3*s - 7. Let j be p(3). Suppose -b + j + 107 = 0. Calculate the remainder when b is divided by 28.
25
Let r(m) = -m**3 + 6*m**2 - 5*m + 2. Let l = -9 + 13. Let o be r(l). What is the remainder when 49 is divided by (-4)/o - 372/(-28)?
10
Let h(l) = 2*l**3 - 10*l**2 - 12*l + 4. Let j be h(6). Suppose 4*s + 8 = -5*t + 64, j*s = -3*t + 48. What is the remainder when 24 is divided by s?
6
Suppose 0 = -72*c + 1270 + 818. What is the remainder when 431 is divided by c?
25
Suppose 13*l - 171 = 24. Calculate the remainder when 358 is divided by l.
13
Let a = -1786 + 1932. What is the remainder when a is divided by 146?
0
Suppose -3*l = -n - 197, -2*l = 2*n - 0*n - 126. Calculate the remainder when l is divided by 30.
5
Let l be 5*2*6/20. Suppose -l*q - r + 29 = 0, -5*q + 2*q = -r - 31. Calculate the remainder when 19 is divided by q.
9
Suppose -144 - 178 = -7*g. Let w = g + -21. What is the remainder when 70 is divided by w?
20
Let z be (3*12)/(6/4). Suppose -17*i - z = -19*i. Calculate the remainder when 35 is divided by i.
11
Let m be 3/(-12) - (-3)/12. Suppose t = -3, -3*t - 40 = -m*d - d. Let x = -16 + d. Calculate the remainder when 43 is divided by x.
13
Suppose 5*h + 15 = 5*d, -2*h - 5 = 3*h. Suppose -3*s = -d*s - 7. Suppose s*k - 72 = -2. Calculate the remainder when 39 is divided by k.
9
Let u(g) = -11*g**3 - g - 1. Suppose 5*c - 4*a = 309, -3*a = -c - 3*c + 248. Calculate the remainder when c is divided by u(-1).
10
Let u(z) = 3*z + 47. What is the remainder when 109 is divided by u(-8)?
17
Suppose -3*i = -0 - 6. Suppose -v + i = -6. Let s = 18 - v. What is the remainder when 27 is divided by s?
7
Let n = 683 - 644. Calculate the remainder when (-77)/(0 + -3 + 2) is divided by n.
38
Let x(d) = 44*d**2 - 19*d + 55. Calculate the remainder when x(3) is divided by 11.
9
Let m(a) = -24*a - 27*a + 44 - 14 + 50*a. Calculate the remainder when 55 is divided by m(16).
13
Let d(k) = 3*k**3 - 20*k**2 + 17*k - 1. What is the remainder when 157 is divided by d(6)?
12
Let b(f) = -f**2 + f + 2. Let z be b(0). Suppose -3*k = -4*p - 6*k + 14, 5*p + z*k - 14 = 0. What is the remainder when (-8 - -10)*2/2 is divided by p?
0
Suppose -u = 3*c + 4, -7 = -2*u + 5*c + 18. Suppose -5*a + 34 = -2*o - 61, 4*o = -3*a + 31. Calculate the remainder when a is divided by u.
2
Let b(u) = u + 63. Let m be (-2)/(-3)*45/10. Calculate the remainder when b(-6) is divided by -1*3*(m + -7).
9
Suppose 12*l + 72 = 13*l. Calculate the remainder when l is divided by 11.
6
Let h(b) = -15*b**2 + b + 1. Suppose -2*v + 0 - 3 = k, -5*v = 2*k + 7. Let r be h(v). What is the remainder when (-214)/(-6) - 5/r is divided by 13?
10
Suppose 0 = -3*u - 3*n - 2*n + 35, 0 = -u + n + 25. What is the remainder when (-6 + 2)/4*-1*u is divided by 11?
9
Let c(r) = -8*r - 2*r**2 - 70*r**3 + 2 + 68*r**3 + 17*r**2. Calculate the remainder when c(6) is divided by 8.
6
Suppose -45 = -2*y - 3*y. Let p(g) = g - 8. Let t be p(4). What is the remainder when y is divided by (-2)/t*-1*(-9 - 1)?
4
Suppose 4*z = -11 - 5. What is the remainder when 1 + (-7)/z + (-6)/(-24) is divided by 3?
0
Let y(m) = m**3 + 3*m**2 - m - 3. Let b be (8 - 2)/(-2 - 0). Let x be y(b). Suppose -q + 2 + 1 = x. What is the remainder when q is divided by 1?
0
Suppose 0 = 8*c - 99 - 21. What is the remainder when c is divided by 2?
1
Suppose 8 = -4*s, 0*n + 44 = 2*n + 4*s. What is the remainder when (-254)/(-12)*15/10*4 is divided by n?
23
Suppose -s - 6 = -13. Let v = s + 7. Suppose 0 = 4*g + h - 106, 60 = -3*g + 5*g + 4*h. What is the remainder when g is divided by v?
12
Let w(q) = q - 14. Let y be w(17). Suppose -2*h - 4*a = -106, y*h - h - 141 = 3*a. Calculate the remainder when h is divided by 13.
11
Suppose -7 + 33 = 2*u. Let y(h) = 3*h - h**3 - 7*h**2 + u*h**2 + 8 + 0*h. What is the remainder when y(6) is divided by 14?
12
Let u be (1/3*-6)/((-2)/(-5)). Calculate the remainder when (-1716)/(-130) - (4/u - -1) is divided by 4.
1
Let k be 1 + 9/(-3) + 1 + 36. Let j = k - 31. Let g = -6 + 9. Calculate the remainder when j is divided by g.
1
Suppose -y + 24 = -0*y. Calculate the remainder when 18 is divided by (1 - y/3)*-1.
4
Let r = 68 - 37. Let k be 18/30 + 3/(-5). Suppose -3*d - 5*h + 48 = k, h + 63 = 4*d + 22. What is the remainder when r is divided by d?
9
Let v be -4 + (4 - 2/(8/260)). Let a = v - -71. What is the remainder when a is divided by 4?
2
Let w = 508 + -195. What is the remainder when w is divided by 15?
13
Let t = -68 + 78. Suppose -t*o + 328 = -292. Calculate the remainder when o is divided by 33.
29
Let v(g) = -g**3 - 15*g**2 - 5*g + 19. What is the remainder when v(-15) is divided by 36?
22
Suppose 5*o - 4*u - 4 = 0, 2*o + 3*u = -0*o + 20. Suppose q + 125 = 3*t, -5*t - 5*q + 195 = -0*t. Calculate the remainder when t is divided by 21*3*o/18.
13
Let c = 958 - 818. What is the remainder when c is divided by 36?
32
Let s = -68 + 98. Let l(a) = -a**2 + a - 1. Let r(i) = 63*i**2 - 8*i + 3. Let f(c) = 5*l(c) + r(c). Calculate the remainder when f(-1) is divided by s.
29
Suppose 168 = 3*v - 72. Let n be (3/(-2) + 1)*(5 - 3). Calculate the remainder when v is divided by 2782/104 - n/4.
26
Let t(n) = -n**3 + 28*n**2 + 7*n - 117. Calculate the remainder when 312 is divided by t(28).
75
Let i(p) = p + 5. Let w be i(-5). Suppose -5*a - 7 + 17 = w. Suppose -s - a*m = -13, -3*s + 2*m + 21 = -34. Calculate the remainder when s is divided by 9.
8
Let m(c) = 3*c**2 - 5*c + 2. Let r = -154 - -154. Suppose r = -14*k + 368 + 878. Calculate the remainder when k is divided by m(4).
29
Suppose 151*j - 157*j = -18. Suppose 5 + 2 = t. Suppose -2*w = -1 - t. What is the remainder when w is divided by j?
1
Suppose 9*s + 364 = 35*s. What is the remainder when 405 is divided by s?
13
Let g be (-5 - (-45)/10)*-8. Let u(k) = 10*k + 50. What is the remainder when u(g) is divided by 34?
22
Suppose -164*l + 161*l + 54 = 0. What is the remainder when 35 is divided by l?
17
Let u = -460 - -488. Calculate the remainder when 220 is divided by u.
24
Let t(m) = m**3 - 32*m + 284. What is the remainder when t(0) is divided by 13?
11
Suppose 6*x - 35 = x. Let d be (-95)/(-35) + 2/x. Suppose c - 7 = -d. What is the remainder when 13 is divided by c?
1
Let u = 2267 - 2213. What is the remainder when 384 is divided by u?
6
Suppose 3*p = -3*q + 33, -3*q - 13 = 4*p - 48. Suppose -7*d = -61 - q. Calculate the remainder when 29 is divided by d.
9
Suppose 5*t = -u - u + 14, 2*u - 14 = -t. What is the remainder when 55/3 + (-8)/(-12) is divided by u?
5
Let r be 6/(1/(-1570)*4). Let z be 2/(-9) - r/27. Suppose -3*n + n + 56 = -2*s, -3*n + z = -4*s. What is the remainder when n is divided by 9?
7
Let y(